{"id":6933,"date":"2015-12-15T07:37:48","date_gmt":"2015-12-15T07:37:48","guid":{"rendered":"http:\/\/consulting.stylemixthemes.com\/demo\/?page_id=11"},"modified":"2024-08-19T22:57:37","modified_gmt":"2024-08-19T22:57:37","slug":"contact-us","status":"publish","type":"page","link":"https:\/\/www.innocomla.com\/?page_id=6933","title":{"rendered":"Contacto"},"content":{"rendered":"<div class=\"wpb-content-wrapper\">\t\t<div data-elementor-type=\"wp-page\" data-elementor-id=\"6933\" class=\"elementor elementor-6933\">\n\t\t\t\t<div class=\"elementor-element elementor-element-665e6e5 e-flex e-con-boxed e-con e-parent\" data-id=\"665e6e5\" data-element_type=\"container\">\n\t\t\t\t\t<div class=\"e-con-inner\">\n\t\t\t\t<div class=\"elementor-element elementor-element-3cea880e elementor-widget elementor-widget-text-editor\" data-id=\"3cea880e\" data-element_type=\"widget\" data-widget_type=\"text-editor.default\">\n\t\t\t\t<div class=\"elementor-widget-container\">\n\t\t\t<style>\/*! elementor - v3.23.0 - 10-07-2024 *\/\n.elementor-widget-text-editor.elementor-drop-cap-view-stacked .elementor-drop-cap{background-color:#69727d;color:#fff}.elementor-widget-text-editor.elementor-drop-cap-view-framed .elementor-drop-cap{color:#69727d;border:3px solid;background-color:transparent}.elementor-widget-text-editor:not(.elementor-drop-cap-view-default) .elementor-drop-cap{margin-top:8px}.elementor-widget-text-editor:not(.elementor-drop-cap-view-default) .elementor-drop-cap-letter{width:1em;height:1em}.elementor-widget-text-editor .elementor-drop-cap{float:left;text-align:center;line-height:1;font-size:50px}.elementor-widget-text-editor .elementor-drop-cap-letter{display:inline-block}<\/style>\t\t\t\t<div class=\"vc_row wpb_row vc_row-fluid vc_custom_1720743874271 vc_row-o-equal-height vc_row-flex\"><div class=\"wpb_column vc_column_container vc_col-sm-12\"><div class=\"vc_column-inner \"><div class=\"wpb_wrapper\"><div class=\"vc_tta-container\" data-vc-action=\"collapse\"><div class=\"vc_general vc_tta vc_tta-tabs vc_tta-color-grey vc_tta-style-classic vc_tta-shape-square vc_tta-o-shape-group  theme_style vc_tta-o-no-fill vc_tta-tabs-position-top vc_tta-controls-align-left\"><div class=\"vc_tta-tabs-container\"><ul class=\"vc_tta-tabs-list\"><li class=\"vc_tta-tab vc_active\" data-vc-tab><a href=\"#1452257567229-e5f623b2-41c0\" data-vc-tabs data-vc-container=\".vc_tta\"><span class=\"vc_tta-title-text\">El Salvador<\/span><\/a><\/li><\/ul><\/div><div class=\"vc_tta-panels-container\"><div class=\"vc_tta-panels\"><div class=\"vc_tta-panel vc_active\" id=\"1452257567229-e5f623b2-41c0\" data-vc-content=\".vc_tta-panel-body\"><div class=\"vc_tta-panel-heading\"><h4 class=\"vc_tta-panel-title\"><a href=\"#1452257567229-e5f623b2-41c0\" data-vc-accordion data-vc-container=\".vc_tta-container\"><span class=\"vc_tta-title-text\">El Salvador<\/span><\/a><\/h4><\/div><div class=\"vc_tta-panel-body\"><div class=\"vc_row wpb_row vc_inner vc_row-fluid vc_custom_1452504967583\"><div class=\"wpb_column vc_column_container vc_col-sm-4\"><div class=\"vc_column-inner\"><div class=\"wpb_wrapper\">\n\t<div  class=\"wpb_single_image wpb_content_element vc_align_left wpb_content_element\">\n\t\t\n\t\t<figure class=\"wpb_wrapper vc_figure\">\n\t\t\t<div class=\"vc_single_image-wrapper   vc_box_border_grey\"><img loading=\"lazy\" decoding=\"async\" class=\"vc_single_image-img \" src=\"https:\/\/www.innocomla.com\/wp-content\/uploads\/2021\/06\/MicrosoftTeams-image-20-350x330.jpg\" width=\"350\" height=\"330\" alt=\"MicrosoftTeams-image (20)\" title=\"MicrosoftTeams-image (20)\" loading=\"lazy\" \/><\/div>\n\t\t<\/figure>\n\t<\/div>\n<\/div><\/div><\/div><div class=\"wpb_column vc_column_container vc_col-sm-4\"><div class=\"vc_column-inner\"><div class=\"wpb_wrapper\"><div class=\"wpb_gmaps_widget wpb_content_element\"><div class=\"wpb_wrapper\"><div class=\"wpb_map_wraper\"><iframe src=\"https:\/\/www.google.com\/maps\/embed?pb=!1m18!1m12!1m3!1d3876.344519795623!2d-89.22776798543062!3d13.697571890382545!2m3!1f0!2f0!3f0!3m2!1i1024!2i768!4f13.1!3m3!1m2!1s0x8f63303ede3c181f%3A0xe216d632bf0a548e!2sInnocom!5e0!3m2!1ses-419!2ssv!4v1621370020799!5m2!1ses-419!2ssv\" width=\"600\" height=\"330\" style=\"border:0;\" allowfullscreen=\"\" loading=\"lazy\"><\/iframe><\/div><\/div><\/div><\/div><\/div><\/div><div class=\"wpb_column vc_column_container vc_col-sm-4\"><div class=\"vc_column-inner\"><div class=\"wpb_wrapper\">\n<div class=\"stm_contacts_widget vc_custom_1720741869730 overlay_3 style_1\">\n    \n            <h4 class=\"no_stripe\">Cont\u00e1ctanos<\/h4>\n    \n    \n        <ul>\n                            <li>\n                    <div class=\"icon\"><i class=\"fa fa-map-marker\"><\/i><\/div>\n                    <div class=\"text\">Av. La Capilla casa 403, San Salvador<\/div>\n                <\/li>\n                                        <li>\n                    <div class=\"icon\"><i class=\"fa fa-phone\"><\/i><\/div>\n                    <div class=\"text\">\n                        +503 2121 3650                                            <\/div>\n                <\/li>\n                                                    <li>\n                    <div class=\"icon\"><i class=\"fa fa-envelope\"><\/i><\/div>\n                    <div class=\"text\"><a href=\"mailto:info&#64;&#105;&#110;&#110;&#111;&#99;&#111;&#109;&#108;&#97;.com\">&#105;&#110;fo&#64;&#105;&#110;noc&#111;m&#108;a.c&#111;m<\/a><\/div>\n                <\/li>\n                                <\/ul>\n                    <ul class=\"socials\">\n                                    <li><a href=\"https:\/\/web.whatsapp.com\/send?phone=50321213650\" target=\"_blank\" class=\"social-facebook\"><i class=\"fa fa-facebook\"><\/i><\/a><\/li>\n                                                    <li><a href=\"https:\/\/telegram.me\/Innocomla\" target=\"_blank\" class=\"social-twitter\"><i class=\"fa fa-twitter\"><\/i><\/a><\/li>\n                                                    <li><a href=\"https:\/\/www.linkedin.com\/company\/innocom-centroamerica\" target=\"_blank\" class=\"social-linkedin\"><i class=\"fa fa-linkedin\"><\/i><\/a><\/li>\n                                                            <\/ul>\n        \n    \n<\/div><\/div><\/div><\/div><\/div><\/div><\/div><\/div><\/div><\/div><\/div><\/div><\/div><\/div><\/div>\n\t\t\t\t\t\t<\/div>\n\t\t\t\t<\/div>\n\t\t\t\t\t<\/div>\n\t\t\t\t<\/div>\n\t\t\t\t<\/div>\n\t\t<\/div>","protected":false},"excerpt":{"rendered":"<p>[vc_row equal_height=&#8221;yes&#8221; css=&#8221;.vc_custom_1720743874271{margin-bottom: 41px !important;}&#8221;][vc_column][vc_single_image image=&#8221;7664&#8243; css=&#8221;&#8221;][\/vc_column][\/vc_row][vc_row][vc_column][vc_single_image image=&#8221;7412&#8243; css=&#8221;&#8221;][\/vc_column][\/vc_row]<\/p>\n","protected":false},"author":1,"featured_media":0,"parent":0,"menu_order":0,"comment_status":"closed","ping_status":"closed","template":"","meta":{"footnotes":""},"class_list":["post-6933","page","type-page","status-publish","hentry"],"yoast_head":"<!-- This site is optimized with the Yoast SEO plugin v23.0 - https:\/\/yoast.com\/wordpress\/plugins\/seo\/ -->\n<title>Contacto \u2022 Innocom l\u00a0Expertos en Tecnolog\u00edas Corporativas en todo Centroam\u00e9rica<\/title>\n<meta name=\"description\" content=\"L\u00edderes regionales de tecnolog\u00eda enfocadas en A.V, CCTV, Video Conferencias, VoIP, Call Centers, Seguridad, Redes y controles de acceso.\" \/>\n<meta name=\"robots\" content=\"index, follow, max-snippet:-1, max-image-preview:large, max-video-preview:-1\" \/>\n<link rel=\"canonical\" href=\"https:\/\/www.innocomla.com\/?page_id=6933\" \/>\n<meta property=\"og:locale\" content=\"es_ES\" \/>\n<meta property=\"og:type\" content=\"article\" \/>\n<meta property=\"og:title\" content=\"Contacto \u2022 Innocom l\u00a0Expertos en Tecnolog\u00edas Corporativas en todo Centroam\u00e9rica\" \/>\n<meta property=\"og:description\" content=\"L\u00edderes regionales de tecnolog\u00eda enfocadas en A.V, CCTV, Video Conferencias, VoIP, Call Centers, Seguridad, Redes y controles de acceso.\" \/>\n<meta property=\"og:url\" content=\"https:\/\/www.innocomla.com\/?page_id=6933\" \/>\n<meta property=\"og:site_name\" content=\"Innocom l\u00a0Expertos en Tecnolog\u00edas Corporativas en todo Centroam\u00e9rica\" \/>\n<meta property=\"article:publisher\" content=\"https:\/\/www.facebook.com\/innocomCentroAmerica\" \/>\n<meta property=\"article:modified_time\" content=\"2024-08-19T22:57:37+00:00\" \/>\n<meta name=\"twitter:card\" content=\"summary_large_image\" \/>\n<meta name=\"twitter:site\" content=\"@innocomla\" \/>\n<meta name=\"twitter:label1\" content=\"Tiempo de lectura\" \/>\n\t<meta name=\"twitter:data1\" content=\"1 minuto\" \/>\n<script type=\"application\/ld+json\" class=\"yoast-schema-graph\">{\"@context\":\"https:\/\/schema.org\",\"@graph\":[{\"@type\":\"WebPage\",\"@id\":\"https:\/\/www.innocomla.com\/?page_id=6933\",\"url\":\"https:\/\/www.innocomla.com\/?page_id=6933\",\"name\":\"Contacto \u2022 Innocom l\u00a0Expertos en Tecnolog\u00edas Corporativas en todo Centroam\u00e9rica\",\"isPartOf\":{\"@id\":\"https:\/\/www.innocomla.com\/#website\"},\"datePublished\":\"2015-12-15T07:37:48+00:00\",\"dateModified\":\"2024-08-19T22:57:37+00:00\",\"description\":\"L\u00edderes regionales de tecnolog\u00eda enfocadas en A.V, CCTV, Video Conferencias, VoIP, Call Centers, Seguridad, Redes y controles de acceso.\",\"breadcrumb\":{\"@id\":\"https:\/\/www.innocomla.com\/?page_id=6933#breadcrumb\"},\"inLanguage\":\"es\",\"potentialAction\":[{\"@type\":\"ReadAction\",\"target\":[\"https:\/\/www.innocomla.com\/?page_id=6933\"]}]},{\"@type\":\"BreadcrumbList\",\"@id\":\"https:\/\/www.innocomla.com\/?page_id=6933#breadcrumb\",\"itemListElement\":[{\"@type\":\"ListItem\",\"position\":1,\"name\":\"Home\",\"item\":\"https:\/\/www.innocomla.com\/\"},{\"@type\":\"ListItem\",\"position\":2,\"name\":\"Contacto\"}]},{\"@type\":\"WebSite\",\"@id\":\"https:\/\/www.innocomla.com\/#website\",\"url\":\"https:\/\/www.innocomla.com\/\",\"name\":\"Innocom l\u00a0Expertos en Tecnolog\u00edas Corporativas en todo Centroam\u00e9rica\",\"description\":\"Consultores e integradores desde 2009\",\"potentialAction\":[{\"@type\":\"SearchAction\",\"target\":{\"@type\":\"EntryPoint\",\"urlTemplate\":\"https:\/\/www.innocomla.com\/?s={search_term_string}\"},\"query-input\":\"required name=search_term_string\"}],\"inLanguage\":\"es\"}]}<\/script>\n<!-- \/ Yoast SEO plugin. -->","yoast_head_json":{"title":"Contacto \u2022 Innocom l\u00a0Expertos en Tecnolog\u00edas Corporativas en todo Centroam\u00e9rica","description":"L\u00edderes regionales de tecnolog\u00eda enfocadas en A.V, CCTV, Video Conferencias, VoIP, Call Centers, Seguridad, Redes y controles de acceso.","robots":{"index":"index","follow":"follow","max-snippet":"max-snippet:-1","max-image-preview":"max-image-preview:large","max-video-preview":"max-video-preview:-1"},"canonical":"https:\/\/www.innocomla.com\/?page_id=6933","og_locale":"es_ES","og_type":"article","og_title":"Contacto \u2022 Innocom l\u00a0Expertos en Tecnolog\u00edas Corporativas en todo Centroam\u00e9rica","og_description":"L\u00edderes regionales de tecnolog\u00eda enfocadas en A.V, CCTV, Video Conferencias, VoIP, Call Centers, Seguridad, Redes y controles de acceso.","og_url":"https:\/\/www.innocomla.com\/?page_id=6933","og_site_name":"Innocom l\u00a0Expertos en Tecnolog\u00edas Corporativas en todo Centroam\u00e9rica","article_publisher":"https:\/\/www.facebook.com\/innocomCentroAmerica","article_modified_time":"2024-08-19T22:57:37+00:00","twitter_card":"summary_large_image","twitter_site":"@innocomla","twitter_misc":{"Tiempo de lectura":"1 minuto"},"schema":{"@context":"https:\/\/schema.org","@graph":[{"@type":"WebPage","@id":"https:\/\/www.innocomla.com\/?page_id=6933","url":"https:\/\/www.innocomla.com\/?page_id=6933","name":"Contacto \u2022 Innocom l\u00a0Expertos en Tecnolog\u00edas Corporativas en todo Centroam\u00e9rica","isPartOf":{"@id":"https:\/\/www.innocomla.com\/#website"},"datePublished":"2015-12-15T07:37:48+00:00","dateModified":"2024-08-19T22:57:37+00:00","description":"L\u00edderes regionales de tecnolog\u00eda enfocadas en A.V, CCTV, Video Conferencias, VoIP, Call Centers, Seguridad, Redes y controles de acceso.","breadcrumb":{"@id":"https:\/\/www.innocomla.com\/?page_id=6933#breadcrumb"},"inLanguage":"es","potentialAction":[{"@type":"ReadAction","target":["https:\/\/www.innocomla.com\/?page_id=6933"]}]},{"@type":"BreadcrumbList","@id":"https:\/\/www.innocomla.com\/?page_id=6933#breadcrumb","itemListElement":[{"@type":"ListItem","position":1,"name":"Home","item":"https:\/\/www.innocomla.com\/"},{"@type":"ListItem","position":2,"name":"Contacto"}]},{"@type":"WebSite","@id":"https:\/\/www.innocomla.com\/#website","url":"https:\/\/www.innocomla.com\/","name":"Innocom l\u00a0Expertos en Tecnolog\u00edas Corporativas en todo Centroam\u00e9rica","description":"Consultores e integradores desde 2009","potentialAction":[{"@type":"SearchAction","target":{"@type":"EntryPoint","urlTemplate":"https:\/\/www.innocomla.com\/?s={search_term_string}"},"query-input":"required name=search_term_string"}],"inLanguage":"es"}]}},"_links":{"self":[{"href":"https:\/\/www.innocomla.com\/index.php?rest_route=\/wp\/v2\/pages\/6933","targetHints":{"allow":["GET"]}}],"collection":[{"href":"https:\/\/www.innocomla.com\/index.php?rest_route=\/wp\/v2\/pages"}],"about":[{"href":"https:\/\/www.innocomla.com\/index.php?rest_route=\/wp\/v2\/types\/page"}],"author":[{"embeddable":true,"href":"https:\/\/www.innocomla.com\/index.php?rest_route=\/wp\/v2\/users\/1"}],"replies":[{"embeddable":true,"href":"https:\/\/www.innocomla.com\/index.php?rest_route=%2Fwp%2Fv2%2Fcomments&post=6933"}],"version-history":[{"count":43,"href":"https:\/\/www.innocomla.com\/index.php?rest_route=\/wp\/v2\/pages\/6933\/revisions"}],"predecessor-version":[{"id":7663,"href":"https:\/\/www.innocomla.com\/index.php?rest_route=\/wp\/v2\/pages\/6933\/revisions\/7663"}],"wp:attachment":[{"href":"https:\/\/www.innocomla.com\/index.php?rest_route=%2Fwp%2Fv2%2Fmedia&parent=6933"}],"curies":[{"name":"wp","href":"https:\/\/api.w.org\/{rel}","templated":true}]}}